{"id":510,"date":"2021-09-25T16:57:13","date_gmt":"2021-09-25T14:57:13","guid":{"rendered":"https:\/\/muzeumintermedii.sk\/wp-content\/uploads\/2021\/09\/RKN_8105.jpg"},"modified":"2022-01-28T17:44:27","modified_gmt":"2022-01-28T16:44:27","slug":"rkn_8105","status":"inherit","type":"attachment","link":"https:\/\/muzeumintermedii.sk\/en\/rkn_8105\/","title":{"rendered":"Ladislav \u010carn\u00fd &#8211; \u017dehlenie pre mu\u017eov (z cyklu Dom\u00e1ce pr\u00e1ce pre mu\u017eov), 2004"},"author":3,"featured_media":0,"comment_status":"closed","ping_status":"closed","template":"","meta":[],"class_list":["post-510","attachment","type-attachment","status-inherit","hentry"],"description":{"rendered":"<p class=\"attachment\"><a href='https:\/\/muzeumintermedii.sk\/wp-content\/uploads\/2021\/09\/RKN_8105.jpg'><img loading=\"lazy\" decoding=\"async\" width=\"300\" height=\"300\" src=\"https:\/\/muzeumintermedii.sk\/wp-content\/uploads\/2021\/09\/RKN_8105-300x300.jpg\" class=\"attachment-medium size-medium\" alt=\"\" srcset=\"https:\/\/muzeumintermedii.sk\/wp-content\/uploads\/2021\/09\/RKN_8105-300x300.jpg 300w, https:\/\/muzeumintermedii.sk\/wp-content\/uploads\/2021\/09\/RKN_8105-150x150.jpg 150w\" sizes=\"auto, (max-width: 300px) 100vw, 300px\" \/><\/a><\/p>\n<p>foto: Richard K\u00f6hler<\/p>\n"},"caption":{"rendered":"<p>foto: Richard K\u00f6hler<\/p>\n"},"alt_text":"","media_type":"image","mime_type":"image\/jpeg","media_details":{"width":1500,"height":1000,"file":"2021\/09\/RKN_8105.jpg","sizes":{"medium":{"file":"RKN_8105-300x300.jpg","width":300,"height":300,"mime_type":"image\/jpeg","source_url":"https:\/\/muzeumintermedii.sk\/wp-content\/uploads\/2021\/09\/RKN_8105-300x300.jpg"},"large":{"file":"RKN_8105-1024x1000.jpg","width":1024,"height":1000,"mime_type":"image\/jpeg","source_url":"https:\/\/muzeumintermedii.sk\/wp-content\/uploads\/2021\/09\/RKN_8105-1024x1000.jpg"},"thumbnail":{"file":"RKN_8105-150x150.jpg","width":150,"height":150,"mime_type":"image\/jpeg","source_url":"https:\/\/muzeumintermedii.sk\/wp-content\/uploads\/2021\/09\/RKN_8105-150x150.jpg"},"medium_large":{"file":"RKN_8105-768x512.jpg","width":768,"height":512,"mime_type":"image\/jpeg","source_url":"https:\/\/muzeumintermedii.sk\/wp-content\/uploads\/2021\/09\/RKN_8105-768x512.jpg"},"featured-thumbnail":{"file":"RKN_8105-1500x600.jpg","width":1500,"height":600,"mime_type":"image\/jpeg","source_url":"https:\/\/muzeumintermedii.sk\/wp-content\/uploads\/2021\/09\/RKN_8105-1500x600.jpg"},"index-thumbnail":{"file":"RKN_8105-1000x200.jpg","width":1000,"height":200,"mime_type":"image\/jpeg","source_url":"https:\/\/muzeumintermedii.sk\/wp-content\/uploads\/2021\/09\/RKN_8105-1000x200.jpg"},"homepage-thumbnail":{"file":"RKN_8105-684x475.jpg","width":684,"height":475,"mime_type":"image\/jpeg","source_url":"https:\/\/muzeumintermedii.sk\/wp-content\/uploads\/2021\/09\/RKN_8105-684x475.jpg"},"expozicia":{"file":"RKN_8105-300x200.jpg","width":300,"height":200,"mime_type":"image\/jpeg","source_url":"https:\/\/muzeumintermedii.sk\/wp-content\/uploads\/2021\/09\/RKN_8105-300x200.jpg"},"sow-carousel-default":{"file":"RKN_8105-272x182.jpg","width":272,"height":182,"mime_type":"image\/jpeg","source_url":"https:\/\/muzeumintermedii.sk\/wp-content\/uploads\/2021\/09\/RKN_8105-272x182.jpg"},"full":{"file":"RKN_8105.jpg","width":1500,"height":1000,"mime_type":"image\/jpeg","source_url":"https:\/\/muzeumintermedii.sk\/wp-content\/uploads\/2021\/09\/RKN_8105.jpg"}},"image_meta":{"aperture":"11","credit":"RICHARD KOHLER","camera":"NIKON D850","caption":"","created_timestamp":"1632124813","copyright":"RICHARD KOHLER","focal_length":"50","iso":"100","shutter_speed":"4","title":"","orientation":"1","keywords":[]}},"post":null,"source_url":"https:\/\/muzeumintermedii.sk\/wp-content\/uploads\/2021\/09\/RKN_8105.jpg","_links":{"self":[{"href":"https:\/\/muzeumintermedii.sk\/en\/wp-json\/wp\/v2\/media\/510","targetHints":{"allow":["GET"]}}],"collection":[{"href":"https:\/\/muzeumintermedii.sk\/en\/wp-json\/wp\/v2\/media"}],"about":[{"href":"https:\/\/muzeumintermedii.sk\/en\/wp-json\/wp\/v2\/types\/attachment"}],"author":[{"embeddable":true,"href":"https:\/\/muzeumintermedii.sk\/en\/wp-json\/wp\/v2\/users\/3"}]}}

Ladislav Čarný &#8211; Žehlenie pre mužov (z cyklu Domáce práce pre mužov), 2004

<p class="attachment"><a href='https://muzeumintermedii.sk/wp-content/uploads/2021/09/RKN_8105.jpg'><img loading="lazy" decoding="async" width="300" height="300" src="https://muzeumintermedii.sk/wp-content/uploads/2021/09/RKN_8105-300x300.jpg" class="attachment-medium size-medium" alt="" srcset="https://muzeumintermedii.sk/wp-content/uploads/2021/09/RKN_8105-300x300.jpg 300w, https://muzeumintermedii.sk/wp-content/uploads/2021/09/RKN_8105-150x150.jpg 150w" sizes="auto, (max-width: 300px) 100vw, 300px" /></a></p>
<p>foto: Richard Köhler</p>

<p>foto: Richard Köhler</p>
