{"id":495,"date":"2021-09-25T16:55:43","date_gmt":"2021-09-25T14:55:43","guid":{"rendered":"https:\/\/muzeumintermedii.sk\/wp-content\/uploads\/2021\/09\/RKN_8051.jpg"},"modified":"2025-07-03T16:08:23","modified_gmt":"2025-07-03T14:08:23","slug":"rkn_8051","status":"inherit","type":"attachment","link":"https:\/\/muzeumintermedii.sk\/en\/pozriet-sa-cez-rod-do-vlastnej-zbierky\/rkn_8051\/","title":{"rendered":"Jana \u017delibsk\u00e1 &#8211; Jej poh\u013ead na neho, 1996"},"author":3,"featured_media":0,"comment_status":"closed","ping_status":"closed","template":"","meta":[],"class_list":["post-495","attachment","type-attachment","status-inherit","hentry"],"description":{"rendered":"<p class=\"attachment\"><a href='https:\/\/muzeumintermedii.sk\/wp-content\/uploads\/2021\/09\/RKN_8051.jpg'><img loading=\"lazy\" decoding=\"async\" width=\"300\" height=\"300\" src=\"https:\/\/muzeumintermedii.sk\/wp-content\/uploads\/2021\/09\/RKN_8051-300x300.jpg\" class=\"attachment-medium size-medium\" alt=\"Jana \u017delibsk\u00e1 - Jej poh\u013ead na neho, 1996\" srcset=\"https:\/\/muzeumintermedii.sk\/wp-content\/uploads\/2021\/09\/RKN_8051-300x300.jpg 300w, https:\/\/muzeumintermedii.sk\/wp-content\/uploads\/2021\/09\/RKN_8051-150x150.jpg 150w\" sizes=\"auto, (max-width: 300px) 100vw, 300px\" \/><\/a><\/p>\n<p>foto: Richard K\u00f6hler<\/p>\n"},"caption":{"rendered":"<p>foto: Richard K\u00f6hler<\/p>\n"},"alt_text":"Jana \u017delibsk\u00e1 - Jej poh\u013ead na neho, 1996","media_type":"image","mime_type":"image\/jpeg","media_details":{"width":1500,"height":1000,"file":"2021\/09\/RKN_8051.jpg","sizes":{"medium":{"file":"RKN_8051-300x300.jpg","width":300,"height":300,"mime_type":"image\/jpeg","source_url":"https:\/\/muzeumintermedii.sk\/wp-content\/uploads\/2021\/09\/RKN_8051-300x300.jpg"},"large":{"file":"RKN_8051-1024x1000.jpg","width":1024,"height":1000,"mime_type":"image\/jpeg","source_url":"https:\/\/muzeumintermedii.sk\/wp-content\/uploads\/2021\/09\/RKN_8051-1024x1000.jpg"},"thumbnail":{"file":"RKN_8051-150x150.jpg","width":150,"height":150,"mime_type":"image\/jpeg","source_url":"https:\/\/muzeumintermedii.sk\/wp-content\/uploads\/2021\/09\/RKN_8051-150x150.jpg"},"medium_large":{"file":"RKN_8051-768x512.jpg","width":768,"height":512,"mime_type":"image\/jpeg","source_url":"https:\/\/muzeumintermedii.sk\/wp-content\/uploads\/2021\/09\/RKN_8051-768x512.jpg"},"featured-thumbnail":{"file":"RKN_8051-1500x600.jpg","width":1500,"height":600,"mime_type":"image\/jpeg","source_url":"https:\/\/muzeumintermedii.sk\/wp-content\/uploads\/2021\/09\/RKN_8051-1500x600.jpg"},"index-thumbnail":{"file":"RKN_8051-1000x200.jpg","width":1000,"height":200,"mime_type":"image\/jpeg","source_url":"https:\/\/muzeumintermedii.sk\/wp-content\/uploads\/2021\/09\/RKN_8051-1000x200.jpg"},"homepage-thumbnail":{"file":"RKN_8051-684x475.jpg","width":684,"height":475,"mime_type":"image\/jpeg","source_url":"https:\/\/muzeumintermedii.sk\/wp-content\/uploads\/2021\/09\/RKN_8051-684x475.jpg"},"expozicia":{"file":"RKN_8051-300x200.jpg","width":300,"height":200,"mime_type":"image\/jpeg","source_url":"https:\/\/muzeumintermedii.sk\/wp-content\/uploads\/2021\/09\/RKN_8051-300x200.jpg"},"sow-carousel-default":{"file":"RKN_8051-272x182.jpg","width":272,"height":182,"mime_type":"image\/jpeg","source_url":"https:\/\/muzeumintermedii.sk\/wp-content\/uploads\/2021\/09\/RKN_8051-272x182.jpg"},"full":{"file":"RKN_8051.jpg","width":1500,"height":1000,"mime_type":"image\/jpeg","source_url":"https:\/\/muzeumintermedii.sk\/wp-content\/uploads\/2021\/09\/RKN_8051.jpg"}},"image_meta":{"aperture":"1.8","credit":"RICHARD KOHLER","camera":"NIKON D850","caption":"","created_timestamp":"1632123767","copyright":"RICHARD KOHLER","focal_length":"20","iso":"800","shutter_speed":"0.025","title":"","orientation":"1","keywords":[]}},"post":1169,"source_url":"https:\/\/muzeumintermedii.sk\/wp-content\/uploads\/2021\/09\/RKN_8051.jpg","_links":{"self":[{"href":"https:\/\/muzeumintermedii.sk\/en\/wp-json\/wp\/v2\/media\/495","targetHints":{"allow":["GET"]}}],"collection":[{"href":"https:\/\/muzeumintermedii.sk\/en\/wp-json\/wp\/v2\/media"}],"about":[{"href":"https:\/\/muzeumintermedii.sk\/en\/wp-json\/wp\/v2\/types\/attachment"}],"author":[{"embeddable":true,"href":"https:\/\/muzeumintermedii.sk\/en\/wp-json\/wp\/v2\/users\/3"}],"wp:attached-to":[{"embeddable":true,"post_type":"post","id":1169,"href":"https:\/\/muzeumintermedii.sk\/en\/wp-json\/wp\/v2\/posts\/1169"}],"curies":[{"name":"wp","href":"https:\/\/api.w.org\/{rel}","templated":true}]}}

Jana Želibská &#8211; Jej pohľad na neho, 1996

<p class="attachment"><a href='https://muzeumintermedii.sk/wp-content/uploads/2021/09/RKN_8051.jpg'><img loading="lazy" decoding="async" width="300" height="300" src="https://muzeumintermedii.sk/wp-content/uploads/2021/09/RKN_8051-300x300.jpg" class="attachment-medium size-medium" alt="Jana Želibská - Jej pohľad na neho, 1996" srcset="https://muzeumintermedii.sk/wp-content/uploads/2021/09/RKN_8051-300x300.jpg 300w, https://muzeumintermedii.sk/wp-content/uploads/2021/09/RKN_8051-150x150.jpg 150w" sizes="auto, (max-width: 300px) 100vw, 300px" /></a></p>
<p>foto: Richard Köhler</p>

<p>foto: Richard Köhler</p>

Jana Želibská - Jej pohľad na neho, 1996
