{"id":480,"date":"2021-09-25T16:54:29","date_gmt":"2021-09-25T14:54:29","guid":{"rendered":"https:\/\/muzeumintermedii.sk\/wp-content\/uploads\/2021\/09\/RKN_7987.jpg"},"modified":"2022-01-28T11:29:31","modified_gmt":"2022-01-28T10:29:31","slug":"rkn_7987","status":"inherit","type":"attachment","link":"https:\/\/muzeumintermedii.sk\/en\/rkn_7987\/","title":{"rendered":"Lucia Dovi\u010d\u00e1kov\u00e1 &#8211; Stronger than Yesterday, 2005"},"author":3,"featured_media":0,"comment_status":"closed","ping_status":"closed","template":"","meta":[],"class_list":["post-480","attachment","type-attachment","status-inherit","hentry"],"description":{"rendered":"<p class=\"attachment\"><a href='https:\/\/muzeumintermedii.sk\/wp-content\/uploads\/2021\/09\/RKN_7987.jpg'><img loading=\"lazy\" decoding=\"async\" width=\"300\" height=\"300\" src=\"https:\/\/muzeumintermedii.sk\/wp-content\/uploads\/2021\/09\/RKN_7987-300x300.jpg\" class=\"attachment-medium size-medium\" alt=\"Lucia Dovi\u010d\u00e1kov\u00e1 - Stronger than Yesterday, 2005\" srcset=\"https:\/\/muzeumintermedii.sk\/wp-content\/uploads\/2021\/09\/RKN_7987-300x300.jpg 300w, https:\/\/muzeumintermedii.sk\/wp-content\/uploads\/2021\/09\/RKN_7987-150x150.jpg 150w\" sizes=\"auto, (max-width: 300px) 100vw, 300px\" \/><\/a><\/p>\n<p>foto: Richard K\u00f6hler<\/p>\n"},"caption":{"rendered":"<p>foto: Richard K\u00f6hler<\/p>\n"},"alt_text":"Lucia Dovi\u010d\u00e1kov\u00e1 - Stronger than Yesterday, 2005","media_type":"image","mime_type":"image\/jpeg","media_details":{"width":1500,"height":1000,"file":"2021\/09\/RKN_7987.jpg","sizes":{"medium":{"file":"RKN_7987-300x300.jpg","width":300,"height":300,"mime_type":"image\/jpeg","source_url":"https:\/\/muzeumintermedii.sk\/wp-content\/uploads\/2021\/09\/RKN_7987-300x300.jpg"},"large":{"file":"RKN_7987-1024x1000.jpg","width":1024,"height":1000,"mime_type":"image\/jpeg","source_url":"https:\/\/muzeumintermedii.sk\/wp-content\/uploads\/2021\/09\/RKN_7987-1024x1000.jpg"},"thumbnail":{"file":"RKN_7987-150x150.jpg","width":150,"height":150,"mime_type":"image\/jpeg","source_url":"https:\/\/muzeumintermedii.sk\/wp-content\/uploads\/2021\/09\/RKN_7987-150x150.jpg"},"medium_large":{"file":"RKN_7987-768x512.jpg","width":768,"height":512,"mime_type":"image\/jpeg","source_url":"https:\/\/muzeumintermedii.sk\/wp-content\/uploads\/2021\/09\/RKN_7987-768x512.jpg"},"featured-thumbnail":{"file":"RKN_7987-1500x600.jpg","width":1500,"height":600,"mime_type":"image\/jpeg","source_url":"https:\/\/muzeumintermedii.sk\/wp-content\/uploads\/2021\/09\/RKN_7987-1500x600.jpg"},"index-thumbnail":{"file":"RKN_7987-1000x200.jpg","width":1000,"height":200,"mime_type":"image\/jpeg","source_url":"https:\/\/muzeumintermedii.sk\/wp-content\/uploads\/2021\/09\/RKN_7987-1000x200.jpg"},"homepage-thumbnail":{"file":"RKN_7987-684x475.jpg","width":684,"height":475,"mime_type":"image\/jpeg","source_url":"https:\/\/muzeumintermedii.sk\/wp-content\/uploads\/2021\/09\/RKN_7987-684x475.jpg"},"expozicia":{"file":"RKN_7987-300x200.jpg","width":300,"height":200,"mime_type":"image\/jpeg","source_url":"https:\/\/muzeumintermedii.sk\/wp-content\/uploads\/2021\/09\/RKN_7987-300x200.jpg"},"sow-carousel-default":{"file":"RKN_7987-272x182.jpg","width":272,"height":182,"mime_type":"image\/jpeg","source_url":"https:\/\/muzeumintermedii.sk\/wp-content\/uploads\/2021\/09\/RKN_7987-272x182.jpg"},"full":{"file":"RKN_7987.jpg","width":1500,"height":1000,"mime_type":"image\/jpeg","source_url":"https:\/\/muzeumintermedii.sk\/wp-content\/uploads\/2021\/09\/RKN_7987.jpg"}},"image_meta":{"aperture":"1.4","credit":"RICHARD KOHLER","camera":"NIKON D850","caption":"","created_timestamp":"1632122383","copyright":"RICHARD KOHLER","focal_length":"50","iso":"800","shutter_speed":"0.0166666666667","title":"","orientation":"1","keywords":[]}},"post":null,"source_url":"https:\/\/muzeumintermedii.sk\/wp-content\/uploads\/2021\/09\/RKN_7987.jpg","_links":{"self":[{"href":"https:\/\/muzeumintermedii.sk\/en\/wp-json\/wp\/v2\/media\/480","targetHints":{"allow":["GET"]}}],"collection":[{"href":"https:\/\/muzeumintermedii.sk\/en\/wp-json\/wp\/v2\/media"}],"about":[{"href":"https:\/\/muzeumintermedii.sk\/en\/wp-json\/wp\/v2\/types\/attachment"}],"author":[{"embeddable":true,"href":"https:\/\/muzeumintermedii.sk\/en\/wp-json\/wp\/v2\/users\/3"}]}}

Lucia Dovičáková &#8211; Stronger than Yesterday, 2005

<p class="attachment"><a href='https://muzeumintermedii.sk/wp-content/uploads/2021/09/RKN_7987.jpg'><img loading="lazy" decoding="async" width="300" height="300" src="https://muzeumintermedii.sk/wp-content/uploads/2021/09/RKN_7987-300x300.jpg" class="attachment-medium size-medium" alt="Lucia Dovičáková - Stronger than Yesterday, 2005" srcset="https://muzeumintermedii.sk/wp-content/uploads/2021/09/RKN_7987-300x300.jpg 300w, https://muzeumintermedii.sk/wp-content/uploads/2021/09/RKN_7987-150x150.jpg 150w" sizes="auto, (max-width: 300px) 100vw, 300px" /></a></p>
<p>foto: Richard Köhler</p>

<p>foto: Richard Köhler</p>

Lucia Dovičáková - Stronger than Yesterday, 2005
