{"id":468,"date":"2021-09-25T16:53:20","date_gmt":"2021-09-25T14:53:20","guid":{"rendered":"https:\/\/muzeumintermedii.sk\/wp-content\/uploads\/2021\/09\/RKN_7922.jpg"},"modified":"2022-01-28T17:45:52","modified_gmt":"2022-01-28T16:45:52","slug":"rkn_7922","status":"inherit","type":"attachment","link":"https:\/\/muzeumintermedii.sk\/en\/rkn_7922\/","title":{"rendered":"Lucia Dovi\u010d\u00e1kov\u00e1 &#8211; Je vedecky dok\u00e1zan\u00e9, \u017ee &#8230;, 2003"},"author":3,"featured_media":0,"comment_status":"closed","ping_status":"closed","template":"","meta":[],"class_list":["post-468","attachment","type-attachment","status-inherit","hentry"],"description":{"rendered":"<p class=\"attachment\"><a href='https:\/\/muzeumintermedii.sk\/wp-content\/uploads\/2021\/09\/RKN_7922.jpg'><img loading=\"lazy\" decoding=\"async\" width=\"300\" height=\"300\" src=\"https:\/\/muzeumintermedii.sk\/wp-content\/uploads\/2021\/09\/RKN_7922-300x300.jpg\" class=\"attachment-medium size-medium\" alt=\"Prv\u00e9 m\u00fazeum interm\u00e9di\u00ed III - Ne\u017en\u00e1 sila\" srcset=\"https:\/\/muzeumintermedii.sk\/wp-content\/uploads\/2021\/09\/RKN_7922-300x300.jpg 300w, https:\/\/muzeumintermedii.sk\/wp-content\/uploads\/2021\/09\/RKN_7922-150x150.jpg 150w\" sizes=\"auto, (max-width: 300px) 100vw, 300px\" \/><\/a><\/p>\n<p>foto: Richard K\u00f6hler<\/p>\n"},"caption":{"rendered":"<p>foto: Richard K\u00f6hler<\/p>\n"},"alt_text":"Prv\u00e9 m\u00fazeum interm\u00e9di\u00ed III - Ne\u017en\u00e1 sila","media_type":"image","mime_type":"image\/jpeg","media_details":{"width":1490,"height":993,"file":"2021\/09\/RKN_7922.jpg","sizes":{"medium":{"file":"RKN_7922-300x300.jpg","width":300,"height":300,"mime_type":"image\/jpeg","source_url":"https:\/\/muzeumintermedii.sk\/wp-content\/uploads\/2021\/09\/RKN_7922-300x300.jpg"},"large":{"file":"RKN_7922-1024x993.jpg","width":1024,"height":993,"mime_type":"image\/jpeg","source_url":"https:\/\/muzeumintermedii.sk\/wp-content\/uploads\/2021\/09\/RKN_7922-1024x993.jpg"},"thumbnail":{"file":"RKN_7922-150x150.jpg","width":150,"height":150,"mime_type":"image\/jpeg","source_url":"https:\/\/muzeumintermedii.sk\/wp-content\/uploads\/2021\/09\/RKN_7922-150x150.jpg"},"medium_large":{"file":"RKN_7922-768x512.jpg","width":768,"height":512,"mime_type":"image\/jpeg","source_url":"https:\/\/muzeumintermedii.sk\/wp-content\/uploads\/2021\/09\/RKN_7922-768x512.jpg"},"featured-thumbnail":{"file":"RKN_7922-1490x600.jpg","width":1490,"height":600,"mime_type":"image\/jpeg","source_url":"https:\/\/muzeumintermedii.sk\/wp-content\/uploads\/2021\/09\/RKN_7922-1490x600.jpg"},"index-thumbnail":{"file":"RKN_7922-1000x200.jpg","width":1000,"height":200,"mime_type":"image\/jpeg","source_url":"https:\/\/muzeumintermedii.sk\/wp-content\/uploads\/2021\/09\/RKN_7922-1000x200.jpg"},"homepage-thumbnail":{"file":"RKN_7922-684x475.jpg","width":684,"height":475,"mime_type":"image\/jpeg","source_url":"https:\/\/muzeumintermedii.sk\/wp-content\/uploads\/2021\/09\/RKN_7922-684x475.jpg"},"expozicia":{"file":"RKN_7922-300x200.jpg","width":300,"height":200,"mime_type":"image\/jpeg","source_url":"https:\/\/muzeumintermedii.sk\/wp-content\/uploads\/2021\/09\/RKN_7922-300x200.jpg"},"sow-carousel-default":{"file":"RKN_7922-272x182.jpg","width":272,"height":182,"mime_type":"image\/jpeg","source_url":"https:\/\/muzeumintermedii.sk\/wp-content\/uploads\/2021\/09\/RKN_7922-272x182.jpg"},"full":{"file":"RKN_7922.jpg","width":1490,"height":993,"mime_type":"image\/jpeg","source_url":"https:\/\/muzeumintermedii.sk\/wp-content\/uploads\/2021\/09\/RKN_7922.jpg"}},"image_meta":{"aperture":"10","credit":"RICHARD KOHLER","camera":"NIKON D850","caption":"","created_timestamp":"1632120691","copyright":"RICHARD KOHLER","focal_length":"50","iso":"100","shutter_speed":"8","title":"","orientation":"1","keywords":[]}},"post":null,"source_url":"https:\/\/muzeumintermedii.sk\/wp-content\/uploads\/2021\/09\/RKN_7922.jpg","_links":{"self":[{"href":"https:\/\/muzeumintermedii.sk\/en\/wp-json\/wp\/v2\/media\/468","targetHints":{"allow":["GET"]}}],"collection":[{"href":"https:\/\/muzeumintermedii.sk\/en\/wp-json\/wp\/v2\/media"}],"about":[{"href":"https:\/\/muzeumintermedii.sk\/en\/wp-json\/wp\/v2\/types\/attachment"}],"author":[{"embeddable":true,"href":"https:\/\/muzeumintermedii.sk\/en\/wp-json\/wp\/v2\/users\/3"}]}}

Lucia Dovičáková &#8211; Je vedecky dokázané, že &#8230;, 2003

<p class="attachment"><a href='https://muzeumintermedii.sk/wp-content/uploads/2021/09/RKN_7922.jpg'><img loading="lazy" decoding="async" width="300" height="300" src="https://muzeumintermedii.sk/wp-content/uploads/2021/09/RKN_7922-300x300.jpg" class="attachment-medium size-medium" alt="Prvé múzeum intermédií III - Nežná sila" srcset="https://muzeumintermedii.sk/wp-content/uploads/2021/09/RKN_7922-300x300.jpg 300w, https://muzeumintermedii.sk/wp-content/uploads/2021/09/RKN_7922-150x150.jpg 150w" sizes="auto, (max-width: 300px) 100vw, 300px" /></a></p>
<p>foto: Richard Köhler</p>

<p>foto: Richard Köhler</p>

Prvé múzeum intermédií III - Nežná sila
