{"id":446,"date":"2021-09-25T16:28:02","date_gmt":"2021-09-25T14:28:02","guid":{"rendered":"https:\/\/muzeumintermedii.sk\/wp-content\/uploads\/2021\/09\/cropped-PMI_hlavicka.jpg"},"modified":"2022-01-28T17:33:47","modified_gmt":"2022-01-28T16:33:47","slug":"cropped-pmi_hlavicka-jpg","status":"inherit","type":"attachment","link":"https:\/\/muzeumintermedii.sk\/en\/cropped-pmi_hlavicka-jpg\/","title":{"rendered":"Jana \u017delibsk\u00e1 &#8211; Jej poh\u013ead na neho, 1996"},"author":3,"featured_media":0,"comment_status":"closed","ping_status":"closed","template":"","meta":[],"class_list":["post-446","attachment","type-attachment","status-inherit","hentry"],"description":{"rendered":"<p class=\"attachment\"><a href='https:\/\/muzeumintermedii.sk\/wp-content\/uploads\/2021\/09\/cropped-PMI_hlavicka.jpg'><img loading=\"lazy\" decoding=\"async\" width=\"300\" height=\"300\" src=\"https:\/\/muzeumintermedii.sk\/wp-content\/uploads\/2021\/09\/cropped-PMI_hlavicka-300x300.jpg\" class=\"attachment-medium size-medium\" alt=\"Jana \u017delibsk\u00e1 - Jej poh\u013ead na neho, 1996\" srcset=\"https:\/\/muzeumintermedii.sk\/wp-content\/uploads\/2021\/09\/cropped-PMI_hlavicka-300x300.jpg 300w, https:\/\/muzeumintermedii.sk\/wp-content\/uploads\/2021\/09\/cropped-PMI_hlavicka-150x150.jpg 150w\" sizes=\"auto, (max-width: 300px) 100vw, 300px\" \/><\/a><\/p>\n<p>foto: Richard K\u00f6hler<\/p>\n"},"caption":{"rendered":"<p>foto: Richard K\u00f6hler<\/p>\n"},"alt_text":"Jana \u017delibsk\u00e1 - Jej poh\u013ead na neho, 1996","media_type":"image","mime_type":"image\/jpeg","media_details":{"width":1600,"height":649,"file":"2021\/09\/cropped-PMI_hlavicka.jpg","sizes":{"medium":{"file":"cropped-PMI_hlavicka-300x300.jpg","width":300,"height":300,"mime_type":"image\/jpeg","source_url":"https:\/\/muzeumintermedii.sk\/wp-content\/uploads\/2021\/09\/cropped-PMI_hlavicka-300x300.jpg"},"large":{"file":"cropped-PMI_hlavicka-1024x649.jpg","width":1024,"height":649,"mime_type":"image\/jpeg","source_url":"https:\/\/muzeumintermedii.sk\/wp-content\/uploads\/2021\/09\/cropped-PMI_hlavicka-1024x649.jpg"},"thumbnail":{"file":"cropped-PMI_hlavicka-150x150.jpg","width":150,"height":150,"mime_type":"image\/jpeg","source_url":"https:\/\/muzeumintermedii.sk\/wp-content\/uploads\/2021\/09\/cropped-PMI_hlavicka-150x150.jpg"},"medium_large":{"file":"cropped-PMI_hlavicka-768x312.jpg","width":768,"height":312,"mime_type":"image\/jpeg","source_url":"https:\/\/muzeumintermedii.sk\/wp-content\/uploads\/2021\/09\/cropped-PMI_hlavicka-768x312.jpg"},"1536x1536":{"file":"cropped-PMI_hlavicka-1536x623.jpg","width":1536,"height":623,"mime_type":"image\/jpeg","source_url":"https:\/\/muzeumintermedii.sk\/wp-content\/uploads\/2021\/09\/cropped-PMI_hlavicka-1536x623.jpg"},"featured-thumbnail":{"file":"cropped-PMI_hlavicka-1600x600.jpg","width":1600,"height":600,"mime_type":"image\/jpeg","source_url":"https:\/\/muzeumintermedii.sk\/wp-content\/uploads\/2021\/09\/cropped-PMI_hlavicka-1600x600.jpg"},"index-thumbnail":{"file":"cropped-PMI_hlavicka-1000x200.jpg","width":1000,"height":200,"mime_type":"image\/jpeg","source_url":"https:\/\/muzeumintermedii.sk\/wp-content\/uploads\/2021\/09\/cropped-PMI_hlavicka-1000x200.jpg"},"homepage-thumbnail":{"file":"cropped-PMI_hlavicka-684x475.jpg","width":684,"height":475,"mime_type":"image\/jpeg","source_url":"https:\/\/muzeumintermedii.sk\/wp-content\/uploads\/2021\/09\/cropped-PMI_hlavicka-684x475.jpg"},"expozicia":{"file":"cropped-PMI_hlavicka-300x200.jpg","width":300,"height":200,"mime_type":"image\/jpeg","source_url":"https:\/\/muzeumintermedii.sk\/wp-content\/uploads\/2021\/09\/cropped-PMI_hlavicka-300x200.jpg"},"sow-carousel-default":{"file":"cropped-PMI_hlavicka-272x182.jpg","width":272,"height":182,"mime_type":"image\/jpeg","source_url":"https:\/\/muzeumintermedii.sk\/wp-content\/uploads\/2021\/09\/cropped-PMI_hlavicka-272x182.jpg"},"full":{"file":"cropped-PMI_hlavicka.jpg","width":1600,"height":649,"mime_type":"image\/jpeg","source_url":"https:\/\/muzeumintermedii.sk\/wp-content\/uploads\/2021\/09\/cropped-PMI_hlavicka.jpg"}},"image_meta":{"aperture":"0","credit":"","camera":"","caption":"","created_timestamp":"0","copyright":"","focal_length":"0","iso":"0","shutter_speed":"0","title":"","orientation":"0","keywords":[]},"attachment_parent":445},"post":null,"source_url":"https:\/\/muzeumintermedii.sk\/wp-content\/uploads\/2021\/09\/cropped-PMI_hlavicka.jpg","_links":{"self":[{"href":"https:\/\/muzeumintermedii.sk\/en\/wp-json\/wp\/v2\/media\/446","targetHints":{"allow":["GET"]}}],"collection":[{"href":"https:\/\/muzeumintermedii.sk\/en\/wp-json\/wp\/v2\/media"}],"about":[{"href":"https:\/\/muzeumintermedii.sk\/en\/wp-json\/wp\/v2\/types\/attachment"}],"author":[{"embeddable":true,"href":"https:\/\/muzeumintermedii.sk\/en\/wp-json\/wp\/v2\/users\/3"}]}}

Jana Želibská &#8211; Jej pohľad na neho, 1996

<p class="attachment"><a href='https://muzeumintermedii.sk/wp-content/uploads/2021/09/cropped-PMI_hlavicka.jpg'><img loading="lazy" decoding="async" width="300" height="300" src="https://muzeumintermedii.sk/wp-content/uploads/2021/09/cropped-PMI_hlavicka-300x300.jpg" class="attachment-medium size-medium" alt="Jana Želibská - Jej pohľad na neho, 1996" srcset="https://muzeumintermedii.sk/wp-content/uploads/2021/09/cropped-PMI_hlavicka-300x300.jpg 300w, https://muzeumintermedii.sk/wp-content/uploads/2021/09/cropped-PMI_hlavicka-150x150.jpg 150w" sizes="auto, (max-width: 300px) 100vw, 300px" /></a></p>
<p>foto: Richard Köhler</p>

<p>foto: Richard Köhler</p>

Jana Želibská - Jej pohľad na neho, 1996
