{"id":1186,"date":"2025-07-03T16:33:14","date_gmt":"2025-07-03T14:33:14","guid":{"rendered":"https:\/\/muzeumintermedii.sk\/wp-content\/uploads\/2025\/07\/2B9A9943.jpg"},"modified":"2025-07-03T16:49:05","modified_gmt":"2025-07-03T14:49:05","slug":"2b9a9943","status":"inherit","type":"attachment","link":"https:\/\/muzeumintermedii.sk\/en\/2b9a9943\/","title":{"rendered":"2B9A9943"},"author":3,"featured_media":0,"comment_status":"closed","ping_status":"closed","template":"","meta":[],"class_list":["post-1186","attachment","type-attachment","status-inherit","hentry"],"description":{"rendered":"<p class=\"attachment\"><a href='https:\/\/muzeumintermedii.sk\/wp-content\/uploads\/2025\/07\/2B9A9943.jpg'><img loading=\"lazy\" decoding=\"async\" width=\"300\" height=\"300\" src=\"https:\/\/muzeumintermedii.sk\/wp-content\/uploads\/2025\/07\/2B9A9943-300x300.jpg\" class=\"attachment-medium size-medium\" alt=\"\" srcset=\"https:\/\/muzeumintermedii.sk\/wp-content\/uploads\/2025\/07\/2B9A9943-300x300.jpg 300w, https:\/\/muzeumintermedii.sk\/wp-content\/uploads\/2025\/07\/2B9A9943-150x150.jpg 150w\" sizes=\"auto, (max-width: 300px) 100vw, 300px\" \/><\/a><\/p>\n<p>foto: Jana Poh\u00e1nkov\u00e1<\/p>\n"},"caption":{"rendered":"<p>Miro Truba\u010d &#8211; Padl\u00fd hrdina <span class=\"more-link\"><a href=\"https:\/\/muzeumintermedii.sk\/en\/2b9a9943\/\">\u010c\u00edta\u0165 viac<\/a><\/span><\/p>\n"},"alt_text":"","media_type":"image","mime_type":"image\/jpeg","media_details":{"width":1024,"height":683,"file":"2025\/07\/2B9A9943.jpg","filesize":433540,"sizes":{"medium":{"file":"2B9A9943-300x300.jpg","width":300,"height":300,"filesize":28500,"mime_type":"image\/jpeg","source_url":"https:\/\/muzeumintermedii.sk\/wp-content\/uploads\/2025\/07\/2B9A9943-300x300.jpg"},"thumbnail":{"file":"2B9A9943-150x150.jpg","width":150,"height":150,"filesize":21241,"mime_type":"image\/jpeg","source_url":"https:\/\/muzeumintermedii.sk\/wp-content\/uploads\/2025\/07\/2B9A9943-150x150.jpg"},"medium_large":{"file":"2B9A9943-768x512.jpg","width":768,"height":512,"filesize":55729,"mime_type":"image\/jpeg","source_url":"https:\/\/muzeumintermedii.sk\/wp-content\/uploads\/2025\/07\/2B9A9943-768x512.jpg"},"featured-thumbnail":{"file":"2B9A9943-1024x600.jpg","width":1024,"height":600,"filesize":84335,"mime_type":"image\/jpeg","source_url":"https:\/\/muzeumintermedii.sk\/wp-content\/uploads\/2025\/07\/2B9A9943-1024x600.jpg"},"index-thumbnail":{"file":"2B9A9943-1000x200.jpg","width":1000,"height":200,"filesize":39234,"mime_type":"image\/jpeg","source_url":"https:\/\/muzeumintermedii.sk\/wp-content\/uploads\/2025\/07\/2B9A9943-1000x200.jpg"},"homepage-thumbnail":{"file":"2B9A9943-684x475.jpg","width":684,"height":475,"filesize":50152,"mime_type":"image\/jpeg","source_url":"https:\/\/muzeumintermedii.sk\/wp-content\/uploads\/2025\/07\/2B9A9943-684x475.jpg"},"expozicia":{"file":"2B9A9943-300x200.jpg","width":300,"height":200,"filesize":25225,"mime_type":"image\/jpeg","source_url":"https:\/\/muzeumintermedii.sk\/wp-content\/uploads\/2025\/07\/2B9A9943-300x200.jpg"},"sow-carousel-default":{"file":"2B9A9943-272x182.jpg","width":272,"height":182,"filesize":24200,"mime_type":"image\/jpeg","source_url":"https:\/\/muzeumintermedii.sk\/wp-content\/uploads\/2025\/07\/2B9A9943-272x182.jpg"},"full":{"file":"2B9A9943.jpg","width":1024,"height":683,"mime_type":"image\/jpeg","source_url":"https:\/\/muzeumintermedii.sk\/wp-content\/uploads\/2025\/07\/2B9A9943.jpg"}},"image_meta":{"aperture":"9","credit":"","camera":"Canon EOS 5D Mark IV","caption":"","created_timestamp":"1732013301","copyright":"","focal_length":"105","iso":"800","shutter_speed":"0.008","title":"","orientation":"0","keywords":[]}},"post":null,"source_url":"https:\/\/muzeumintermedii.sk\/wp-content\/uploads\/2025\/07\/2B9A9943.jpg","_links":{"self":[{"href":"https:\/\/muzeumintermedii.sk\/en\/wp-json\/wp\/v2\/media\/1186","targetHints":{"allow":["GET"]}}],"collection":[{"href":"https:\/\/muzeumintermedii.sk\/en\/wp-json\/wp\/v2\/media"}],"about":[{"href":"https:\/\/muzeumintermedii.sk\/en\/wp-json\/wp\/v2\/types\/attachment"}],"author":[{"embeddable":true,"href":"https:\/\/muzeumintermedii.sk\/en\/wp-json\/wp\/v2\/users\/3"}]}}

<p class="attachment"><a href='https://muzeumintermedii.sk/wp-content/uploads/2025/07/2B9A9943.jpg'><img loading="lazy" decoding="async" width="300" height="300" src="https://muzeumintermedii.sk/wp-content/uploads/2025/07/2B9A9943-300x300.jpg" class="attachment-medium size-medium" alt="" srcset="https://muzeumintermedii.sk/wp-content/uploads/2025/07/2B9A9943-300x300.jpg 300w, https://muzeumintermedii.sk/wp-content/uploads/2025/07/2B9A9943-150x150.jpg 150w" sizes="auto, (max-width: 300px) 100vw, 300px" /></a></p>
<p>foto: Jana Pohánková</p>

<p>Miro Trubač &#8211; Padlý hrdina <span class="more-link"><a href="https://muzeumintermedii.sk/en/2b9a9943/">Čítať viac</a></span></p>
