{"id":1085,"date":"2023-03-10T16:29:42","date_gmt":"2023-03-10T15:29:42","guid":{"rendered":"https:\/\/muzeumintermedii.sk\/wp-content\/uploads\/2023\/03\/martina-chuda_prespanka.jpg"},"modified":"2023-03-10T17:00:07","modified_gmt":"2023-03-10T16:00:07","slug":"martina-chuda_prespanka","status":"inherit","type":"attachment","link":"https:\/\/muzeumintermedii.sk\/en\/martina-chuda-prespanka\/martina-chuda_prespanka\/","title":{"rendered":"martina chud\u00e1_prespanka"},"author":3,"featured_media":0,"comment_status":"closed","ping_status":"closed","template":"","meta":[],"class_list":["post-1085","attachment","type-attachment","status-inherit","hentry"],"description":{"rendered":"<p class=\"attachment\"><a href='https:\/\/muzeumintermedii.sk\/wp-content\/uploads\/2023\/03\/martina-chuda_prespanka.jpg'><img loading=\"lazy\" decoding=\"async\" width=\"300\" height=\"300\" src=\"https:\/\/muzeumintermedii.sk\/wp-content\/uploads\/2023\/03\/martina-chuda_prespanka-300x300.jpg\" class=\"attachment-medium size-medium\" alt=\"\" srcset=\"https:\/\/muzeumintermedii.sk\/wp-content\/uploads\/2023\/03\/martina-chuda_prespanka-300x300.jpg 300w, https:\/\/muzeumintermedii.sk\/wp-content\/uploads\/2023\/03\/martina-chuda_prespanka-150x150.jpg 150w\" sizes=\"auto, (max-width: 300px) 100vw, 300px\" \/><\/a><\/p>\n"},"caption":{"rendered":"<p>Martina Chud\u00e1 &#8211; Prespanka <span class=\"more-link\"><a href=\"https:\/\/muzeumintermedii.sk\/en\/martina-chuda-prespanka\/martina-chuda_prespanka\/\">\u010c\u00edta\u0165 viac<\/a><\/span><\/p>\n"},"alt_text":"","media_type":"image","mime_type":"image\/jpeg","media_details":{"width":719,"height":1013,"file":"2023\/03\/martina-chuda_prespanka.jpg","sizes":{"medium":{"file":"martina-chuda_prespanka-300x300.jpg","width":300,"height":300,"mime_type":"image\/jpeg","source_url":"https:\/\/muzeumintermedii.sk\/wp-content\/uploads\/2023\/03\/martina-chuda_prespanka-300x300.jpg"},"thumbnail":{"file":"martina-chuda_prespanka-150x150.jpg","width":150,"height":150,"mime_type":"image\/jpeg","source_url":"https:\/\/muzeumintermedii.sk\/wp-content\/uploads\/2023\/03\/martina-chuda_prespanka-150x150.jpg"},"featured-thumbnail":{"file":"martina-chuda_prespanka-719x600.jpg","width":719,"height":600,"mime_type":"image\/jpeg","source_url":"https:\/\/muzeumintermedii.sk\/wp-content\/uploads\/2023\/03\/martina-chuda_prespanka-719x600.jpg"},"index-thumbnail":{"file":"martina-chuda_prespanka-719x200.jpg","width":719,"height":200,"mime_type":"image\/jpeg","source_url":"https:\/\/muzeumintermedii.sk\/wp-content\/uploads\/2023\/03\/martina-chuda_prespanka-719x200.jpg"},"homepage-thumbnail":{"file":"martina-chuda_prespanka-684x475.jpg","width":684,"height":475,"mime_type":"image\/jpeg","source_url":"https:\/\/muzeumintermedii.sk\/wp-content\/uploads\/2023\/03\/martina-chuda_prespanka-684x475.jpg"},"expozicia":{"file":"martina-chuda_prespanka-300x200.jpg","width":300,"height":200,"mime_type":"image\/jpeg","source_url":"https:\/\/muzeumintermedii.sk\/wp-content\/uploads\/2023\/03\/martina-chuda_prespanka-300x200.jpg"},"sow-carousel-default":{"file":"martina-chuda_prespanka-272x182.jpg","width":272,"height":182,"mime_type":"image\/jpeg","source_url":"https:\/\/muzeumintermedii.sk\/wp-content\/uploads\/2023\/03\/martina-chuda_prespanka-272x182.jpg"},"full":{"file":"martina-chuda_prespanka.jpg","width":719,"height":1013,"mime_type":"image\/jpeg","source_url":"https:\/\/muzeumintermedii.sk\/wp-content\/uploads\/2023\/03\/martina-chuda_prespanka.jpg"}},"image_meta":{"aperture":"0","credit":"","camera":"","caption":"","created_timestamp":"0","copyright":"","focal_length":"0","iso":"0","shutter_speed":"0","title":"","orientation":"0","keywords":[]}},"post":1084,"source_url":"https:\/\/muzeumintermedii.sk\/wp-content\/uploads\/2023\/03\/martina-chuda_prespanka.jpg","_links":{"self":[{"href":"https:\/\/muzeumintermedii.sk\/en\/wp-json\/wp\/v2\/media\/1085","targetHints":{"allow":["GET"]}}],"collection":[{"href":"https:\/\/muzeumintermedii.sk\/en\/wp-json\/wp\/v2\/media"}],"about":[{"href":"https:\/\/muzeumintermedii.sk\/en\/wp-json\/wp\/v2\/types\/attachment"}],"author":[{"embeddable":true,"href":"https:\/\/muzeumintermedii.sk\/en\/wp-json\/wp\/v2\/users\/3"}],"wp:attached-to":[{"embeddable":true,"post_type":"post","id":1084,"href":"https:\/\/muzeumintermedii.sk\/en\/wp-json\/wp\/v2\/posts\/1084"}],"curies":[{"name":"wp","href":"https:\/\/api.w.org\/{rel}","templated":true}]}}

martina chudá_prespanka

<p>Martina Chudá &#8211; Prespanka <span class="more-link"><a href="https://muzeumintermedii.sk/en/martina-chuda-prespanka/martina-chuda_prespanka/">Čítať viac</a></span></p>
